{"id":12,"date":"2026-02-03T16:39:29","date_gmt":"2026-02-03T16:39:29","guid":{"rendered":"http:\/\/www.selltosomlia.com\/?page_id=12"},"modified":"2026-02-11T16:15:36","modified_gmt":"2026-02-11T16:15:36","slug":"misyonum","status":"publish","type":"page","link":"https:\/\/www.selltosomlia.com\/?page_id=12","title":{"rendered":"Misyonum"},"content":{"rendered":"\n<p class=\"has-black-color has-text-color has-link-color wp-elements-4ead87a772a7d9096ce6f926f8123999\">Benim amac\u0131m, d\u00fcnyan\u0131n her yerindeki \u00fcreticiler ile Afrika\u2019n\u0131n potansiyelini en samimi ve \u015feffaf \u015fekilde bulu\u015fturmak. Uluslararas\u0131 ticaretin karma\u015f\u0131k g\u00f6r\u00fcnen g\u00fcmr\u00fck ve lojistik s\u00fcre\u00e7lerini, <strong>client<\/strong>\u2019lar\u0131m i\u00e7in sadele\u015ftiriyor ve onlar\u0131 Afrika pazar\u0131na giden en k\u0131sa yolla tan\u0131\u015ft\u0131r\u0131yorum. Teorik e\u011fitimimi sahadaki tecr\u00fcbemle birle\u015ftirerek, sadece bir dan\u0131\u015fman de\u011fil, i\u015finizi b\u00fcy\u00fct\u00fcrken yan\u0131n\u0131zda olan g\u00fcvenilir bir yol arkada\u015f\u0131 olmay\u0131 hedefliyorum.<\/p>\n\n\n\n<p class=\"has-black-color has-text-color has-link-color wp-elements-bcbc188fee49b245a20196fd9b029dc5\">Ticaretin sadece rakamlardan ibaret olmad\u0131\u011f\u0131n\u0131, kar\u015f\u0131l\u0131kl\u0131 g\u00fcvenle in\u015fa edildi\u011fini biliyorum. Bu y\u00fczden, d\u00fcnyan\u0131n hangi noktas\u0131nda olursan\u0131z olun, Afrika pazar\u0131na giri\u015f s\u00fcrecinizi hem profesyonel hem de stressiz bir deneyime d\u00f6n\u00fc\u015ft\u00fcrmek i\u00e7in buraday\u0131m. Sizin ba\u015far\u0131n\u0131z\u0131, kendi ba\u015far\u0131 hikayemin bir par\u00e7as\u0131 olarak g\u00f6r\u00fcyorum.<\/p>\n\n\n\n<p><\/p>\n","protected":false},"excerpt":{"rendered":"<p>Benim amac\u0131m, d\u00fcnyan\u0131n her yerindeki \u00fcreticiler ile Afrika\u2019n\u0131n potansiyelini en samimi ve \u015feffaf \u015fekilde bulu\u015fturmak. Uluslararas\u0131 ticaretin karma\u015f\u0131k g\u00f6r\u00fcnen g\u00fcmr\u00fck ve lojistik s\u00fcre\u00e7lerini, client\u2019lar\u0131m i\u00e7in sadele\u015ftiriyor ve onlar\u0131 Afrika pazar\u0131na&hellip;<a href=\"https:\/\/www.selltosomlia.com\/?page_id=12\" class=\"more-link\"><span class=\"more-button\">Continue reading<span class=\"screen-reader-text\">Misyonum<\/span><\/span><\/a><\/p>\n","protected":false},"author":1,"featured_media":208,"parent":0,"menu_order":0,"comment_status":"closed","ping_status":"closed","template":"templates\/full-width-page.php","meta":{"footnotes":""},"class_list":["post-12","page","type-page","status-publish","has-post-thumbnail","hentry"],"_links":{"self":[{"href":"https:\/\/www.selltosomlia.com\/index.php?rest_route=\/wp\/v2\/pages\/12","targetHints":{"allow":["GET"]}}],"collection":[{"href":"https:\/\/www.selltosomlia.com\/index.php?rest_route=\/wp\/v2\/pages"}],"about":[{"href":"https:\/\/www.selltosomlia.com\/index.php?rest_route=\/wp\/v2\/types\/page"}],"author":[{"embeddable":true,"href":"https:\/\/www.selltosomlia.com\/index.php?rest_route=\/wp\/v2\/users\/1"}],"replies":[{"embeddable":true,"href":"https:\/\/www.selltosomlia.com\/index.php?rest_route=%2Fwp%2Fv2%2Fcomments&post=12"}],"version-history":[{"count":2,"href":"https:\/\/www.selltosomlia.com\/index.php?rest_route=\/wp\/v2\/pages\/12\/revisions"}],"predecessor-version":[{"id":219,"href":"https:\/\/www.selltosomlia.com\/index.php?rest_route=\/wp\/v2\/pages\/12\/revisions\/219"}],"wp:featuredmedia":[{"embeddable":true,"href":"https:\/\/www.selltosomlia.com\/index.php?rest_route=\/wp\/v2\/media\/208"}],"wp:attachment":[{"href":"https:\/\/www.selltosomlia.com\/index.php?rest_route=%2Fwp%2Fv2%2Fmedia&parent=12"}],"curies":[{"name":"wp","href":"https:\/\/api.w.org\/{rel}","templated":true}]}}