{"id":119,"date":"2026-02-05T21:16:22","date_gmt":"2026-02-05T21:16:22","guid":{"rendered":"https:\/\/www.selltosomlia.com\/?page_id=119"},"modified":"2026-04-14T21:40:58","modified_gmt":"2026-04-14T21:40:58","slug":"somaliye-mal-satmak-2","status":"publish","type":"page","link":"https:\/\/www.selltosomlia.com\/?page_id=119","title":{"rendered":"Somali&#8217;ye Mal Satmak"},"content":{"rendered":"\n<h2 class=\"wp-block-heading\">Doymam\u0131\u015f Bir Pazarda Kesintisiz ve S\u00fcrd\u00fcr\u00fclebilir B\u00fcy\u00fcme<\/h2>\n\n\n\n<p class=\"has-black-color has-text-color has-link-color wp-elements-a9e03c50d29d192a73a9d6d7aae65db0\">Do\u011fu Afrika&#8217;n\u0131n kalbinde, stratejik bir konuma sahip olan Somali, d\u0131\u015f ticarette kal\u0131c\u0131 ba\u015far\u0131 arayan ihracat\u00e7\u0131lar i\u00e7in e\u015fine az rastlan\u0131r, yap\u0131sal bir potansiyel sunmaktad\u0131r. Geleneksel ve yo\u011fun rekabetin ya\u015fand\u0131\u011f\u0131 pazarlar\u0131n aksine, Somali hen\u00fcz <strong>f\u0131rsatlara doymam\u0131\u015f, rekabetin s\u0131n\u0131rlar\u0131n\u0131n tam \u00e7izilmedi\u011fi bakir bir pazard\u0131r.<\/strong><\/p>\n\n\n\n<p class=\"has-black-color has-text-color has-link-color wp-elements-a26362b0bc78765dabccc0819ed3baee\">\u00dclke ekonomisinin en belirgin \u00f6zelli\u011fi, yerli sanayi ve \u00fcretim altyap\u0131s\u0131n\u0131n yok denecek kadar az olmas\u0131d\u0131r. Bu durum, Somali&#8217;yi neredeyse tamamen d\u0131\u015fa ba\u011f\u0131ml\u0131, ithalat odakl\u0131 bir t\u00fcketim merkezi haline getirmektedir. \u00dcretimin olmamas\u0131, pazarda ge\u00e7ici bir a\u00e7\u0131k de\u011fil, <strong>yap\u0131sal ve s\u00fcrekli bir talep<\/strong> yarat\u0131r. Do\u011fru fiyatland\u0131rma ve do\u011fru kalite dengesini kuran bir ihracat\u00e7\u0131 i\u00e7in, Somali pazar\u0131nda ihtiya\u00e7 duyulan <strong>hemen hemen her \u015feyi kolayl\u0131kla satmak m\u00fcmk\u00fcnd\u00fcr.<\/strong><\/p>\n\n\n\n<h3 class=\"wp-block-heading\">Tek Seferlik Sat\u0131\u015ftan S\u00fcrd\u00fcr\u00fclebilir \u0130hracat A\u011f\u0131na<\/h3>\n\n\n\n<p class=\"has-black-color has-text-color has-link-color wp-elements-c54e4ac1f02bb255bc13afdde40c8b3f\">Somali pazar\u0131n\u0131 as\u0131l cazip k\u0131lan nokta, sadece kolay sat\u0131\u015f yap\u0131labilmesi de\u011fil, bu sat\u0131\u015flar\u0131n <strong>s\u00fcrd\u00fcr\u00fclebilir bir ihracat d\u00f6ng\u00fcs\u00fcne<\/strong> d\u00f6n\u00fc\u015febilmesidir. Somali&#8217;de ticaret, salt fiyata dayal\u0131 so\u011fuk i\u015flemlerden ziyade, kar\u015f\u0131l\u0131kl\u0131 g\u00fcvene, istikrara ve \u00e7\u00f6z\u00fcm odakl\u0131 tedari\u011fe dayan\u0131r.<\/p>\n\n\n\n<p class=\"has-black-color has-text-color has-link-color wp-elements-2282a2e0c640c75fb1fa7f8aac144ab3\">Pazara ilk ad\u0131m\u0131n\u0131z\u0131 at\u0131p do\u011fru al\u0131c\u0131larla g\u00fcvenilir bir tedarik k\u00f6pr\u00fcs\u00fc kurdu\u011funuzda, Somali&#8217;deki i\u015f ortaklar\u0131n\u0131z sizi bir &#8220;sat\u0131c\u0131&#8221; olarak de\u011fil, bir &#8220;\u00e7\u00f6z\u00fcm orta\u011f\u0131&#8221; olarak g\u00f6rmeye ba\u015flar. G\u00fcvenilir tedarik\u00e7i eksikli\u011finin ya\u015fand\u0131\u011f\u0131 bu co\u011frafyada, i\u015f teslimatlar\u0131n\u0131 sorunsuz yapan ve ileti\u015fimi g\u00fc\u00e7l\u00fc tutan firmalar, kolay kolay de\u011fi\u015ftirilmez. B\u00f6ylece yakalad\u0131\u011f\u0131n\u0131z bir i\u015f f\u0131rsat\u0131, y\u0131llarca s\u00fcrecek, d\u00fczenli sipari\u015flerin geldi\u011fi kemikle\u015fmi\u015f bir B2B (kurumsal) ihracat a\u011f\u0131na d\u00f6n\u00fc\u015f\u00fcr.<\/p>\n\n\n\n<h3 class=\"wp-block-heading\">Somali Pazar\u0131nda Potansiyeli En Y\u00fcksek Ba\u015fl\u0131ca Sekt\u00f6rler<\/h3>\n\n\n\n<p class=\"has-black-color has-text-color has-link-color wp-elements-214154f7c56b9eeb183df38bc20d8620\">\u00dclkede \u00fcretimin olmamas\u0131, temel t\u00fcketimden a\u011f\u0131r sanayi \u00fcr\u00fcnlerine kadar her alanda devasa bir pazar bo\u015flu\u011fu olu\u015fturmaktad\u0131r. \u0130hracat\u00e7\u0131lar i\u00e7in en h\u0131zl\u0131 d\u00f6n\u00fc\u015f sa\u011flayan ve hacmi en y\u00fcksek olan ana damarlar \u015funlard\u0131r:<\/p>\n\n\n\n<ul class=\"wp-block-list\">\n<li class=\"has-black-color has-text-color has-link-color wp-elements-f38240b03bff0eb6192e69ce76b829a2\"><strong>Temel G\u0131da \u00dcr\u00fcnleri (H\u0131zl\u0131 T\u00fcketim ve Y\u00fcksek Hacim):<\/strong> Tar\u0131m ve g\u0131da i\u015fleme tesislerinin yetersizli\u011fi, halk\u0131n g\u00fcnl\u00fck kalori ihtiyac\u0131n\u0131n neredeyse tamam\u0131n\u0131n ithalatla kar\u015f\u0131lanmas\u0131n\u0131 zorunlu k\u0131lar. \u00d6zellikle <strong>un, \u015feker ve s\u0131v\u0131 ya\u011f<\/strong> gibi temel g\u0131da maddeleri, tonajl\u0131 ve s\u00fcrekli sirk\u00fclasyonu olan, pazar\u0131n en risksiz ve en h\u0131zl\u0131 t\u00fcketilen kalemleridir. Bu \u00fcr\u00fcnlerde kurulan do\u011fru tedarik zinciri, ihracat\u00e7\u0131ya her ay d\u00fczenli nakit ak\u0131\u015f\u0131 sa\u011flar.<\/li>\n\n\n\n<li class=\"has-black-color has-text-color has-link-color wp-elements-b82a754a3924b5c0afb11c627e1f7533\"><strong>Tekstil ve Haz\u0131r Giyim (S\u0131n\u0131rs\u0131z \u00c7e\u015fitlilik):<\/strong> Somali&#8217;de tekstil sekt\u00f6r\u00fc, ithalat\u0131n en canl\u0131 oldu\u011fu alanlardan biridir. Kuma\u015f tedari\u011finden son t\u00fcketiciye ula\u015fan haz\u0131r giyime kadar geni\u015f bir yelpaze s\u00f6z konusudur. Kad\u0131n, erkek ve \u00e7ocuk giyiminin yan\u0131 s\u0131ra ev tekstili \u00fcr\u00fcnlerinin <strong>her t\u00fcrl\u00fcs\u00fc<\/strong>, pazarda an\u0131nda kar\u015f\u0131l\u0131k bulur. Kalite-fiyat performans\u0131 iyi olan \u00fcr\u00fcnler, toptanc\u0131 a\u011flar\u0131 \u00fczerinden h\u0131zla \u00fclkenin i\u00e7 b\u00f6lgelerine kadar da\u011f\u0131l\u0131r.<\/li>\n\n\n\n<li class=\"has-black-color has-text-color has-link-color wp-elements-50c48b0000da7f584042990a161e8d33\"><strong>Otomotiv, Ticari Ara\u00e7lar ve Yedek Par\u00e7a (Bitmeyen \u0130htiya\u00e7):<\/strong> \u00dclkedeki ticari hareketlilik ve lojistik ihtiya\u00e7lar, her t\u00fcrl\u00fc binek ve ticari araca olan talebi s\u00fcrekli canl\u0131 tutmaktad\u0131r. Ancak bundan daha b\u00fcy\u00fck bir f\u0131rsat, <strong>yedek par\u00e7a ve bak\u0131m<\/strong> sekt\u00f6r\u00fcndedir. B\u00f6lgenin yol \u015fartlar\u0131 ve a\u011f\u0131rl\u0131kl\u0131 olarak ikinci el ara\u00e7 kullan\u0131m oran\u0131, her t\u00fcrl\u00fc otomotiv yedek par\u00e7as\u0131na, ak\u00fcye, lasti\u011fe ve madeni ya\u011fa y\u00f6nelik s\u00fcrekli, bitmeyen ve y\u00fcksek k\u00e2r marjl\u0131 bir talep yarat\u0131r.<\/li>\n<\/ul>\n","protected":false},"excerpt":{"rendered":"<p>Doymam\u0131\u015f Bir Pazarda Kesintisiz ve S\u00fcrd\u00fcr\u00fclebilir B\u00fcy\u00fcme Do\u011fu Afrika&#8217;n\u0131n kalbinde, stratejik bir konuma sahip olan Somali, d\u0131\u015f ticarette kal\u0131c\u0131 ba\u015far\u0131 arayan ihracat\u00e7\u0131lar i\u00e7in e\u015fine az rastlan\u0131r, yap\u0131sal bir potansiyel sunmaktad\u0131r.&hellip;<a href=\"https:\/\/www.selltosomlia.com\/?page_id=119\" class=\"more-link\"><span class=\"more-button\">Continue reading<span class=\"screen-reader-text\">Somali&#8217;ye Mal Satmak<\/span><\/span><\/a><\/p>\n","protected":false},"author":1,"featured_media":193,"parent":0,"menu_order":0,"comment_status":"closed","ping_status":"closed","template":"templates\/full-width-page.php","meta":{"footnotes":""},"class_list":["post-119","page","type-page","status-publish","has-post-thumbnail","hentry"],"_links":{"self":[{"href":"https:\/\/www.selltosomlia.com\/index.php?rest_route=\/wp\/v2\/pages\/119","targetHints":{"allow":["GET"]}}],"collection":[{"href":"https:\/\/www.selltosomlia.com\/index.php?rest_route=\/wp\/v2\/pages"}],"about":[{"href":"https:\/\/www.selltosomlia.com\/index.php?rest_route=\/wp\/v2\/types\/page"}],"author":[{"embeddable":true,"href":"https:\/\/www.selltosomlia.com\/index.php?rest_route=\/wp\/v2\/users\/1"}],"replies":[{"embeddable":true,"href":"https:\/\/www.selltosomlia.com\/index.php?rest_route=%2Fwp%2Fv2%2Fcomments&post=119"}],"version-history":[{"count":3,"href":"https:\/\/www.selltosomlia.com\/index.php?rest_route=\/wp\/v2\/pages\/119\/revisions"}],"predecessor-version":[{"id":293,"href":"https:\/\/www.selltosomlia.com\/index.php?rest_route=\/wp\/v2\/pages\/119\/revisions\/293"}],"wp:featuredmedia":[{"embeddable":true,"href":"https:\/\/www.selltosomlia.com\/index.php?rest_route=\/wp\/v2\/media\/193"}],"wp:attachment":[{"href":"https:\/\/www.selltosomlia.com\/index.php?rest_route=%2Fwp%2Fv2%2Fmedia&parent=119"}],"curies":[{"name":"wp","href":"https:\/\/api.w.org\/{rel}","templated":true}]}}