{"id":10,"date":"2026-02-03T16:39:12","date_gmt":"2026-02-03T16:39:12","guid":{"rendered":"http:\/\/www.selltosomlia.com\/?page_id=10"},"modified":"2026-02-11T16:16:22","modified_gmt":"2026-02-11T16:16:22","slug":"vizyonum","status":"publish","type":"page","link":"https:\/\/www.selltosomlia.com\/?page_id=10","title":{"rendered":"Vizyonum"},"content":{"rendered":"\n<p class=\"has-black-color has-text-color has-link-color wp-elements-cd95131fa245a677e8ff1f4368596952\">Hayalim, Selltosomalia\u2019y\u0131 d\u00fcnyan\u0131n her noktas\u0131ndan Afrika\u2019ya a\u00e7\u0131lan en modern ve ula\u015f\u0131labilir ticaret kap\u0131s\u0131 haline getirmek. Teknolojiyi ve g\u00fcncel pazar verilerini kullanarak, Afrika\u2019n\u0131n ticaret d\u00fcnyas\u0131ndaki o dev potansiyelini herkes i\u00e7in g\u00f6r\u00fcn\u00fcr k\u0131lmak istiyorum. Sadece bug\u00fcn\u00fcn ticaretini de\u011fil, gelece\u011fin dijital ve s\u00fcrd\u00fcr\u00fclebilir ticaret a\u011flar\u0131n\u0131 bug\u00fcnden in\u015fa etmeye odaklan\u0131yorum.<\/p>\n\n\n\n<p class=\"has-black-color has-text-color has-link-color wp-elements-8e8d6522f8a3e02e1a151a0052db840e\">Gelecekte, global yat\u0131r\u0131mc\u0131lar\u0131n Afrika denince ak\u0131llar\u0131na gelen ilk stratejik ortak olmak i\u00e7in \u00e7al\u0131\u015f\u0131yorum. Bilgiyi, enerjiyi ve d\u00fcr\u00fcstl\u00fc\u011f\u00fc bir araya getirerek; d\u00fcnyay\u0131 Afrika\u2019ya, Afrika\u2019y\u0131 ise hak etti\u011fi k\u00fcresel ba\u015far\u0131ya ta\u015f\u0131yan o sa\u011flam k\u00f6pr\u00fcn\u00fcn mimar\u0131 olmay\u0131 vizyon ediniyorum.<\/p>\n","protected":false},"excerpt":{"rendered":"<p>Hayalim, Selltosomalia\u2019y\u0131 d\u00fcnyan\u0131n her noktas\u0131ndan Afrika\u2019ya a\u00e7\u0131lan en modern ve ula\u015f\u0131labilir ticaret kap\u0131s\u0131 haline getirmek. Teknolojiyi ve g\u00fcncel pazar verilerini kullanarak, Afrika\u2019n\u0131n ticaret d\u00fcnyas\u0131ndaki o dev potansiyelini herkes i\u00e7in g\u00f6r\u00fcn\u00fcr&hellip;<a href=\"https:\/\/www.selltosomlia.com\/?page_id=10\" class=\"more-link\"><span class=\"more-button\">Continue reading<span class=\"screen-reader-text\">Vizyonum<\/span><\/span><\/a><\/p>\n","protected":false},"author":1,"featured_media":207,"parent":0,"menu_order":0,"comment_status":"closed","ping_status":"closed","template":"templates\/full-width-page.php","meta":{"footnotes":""},"class_list":["post-10","page","type-page","status-publish","has-post-thumbnail","hentry"],"_links":{"self":[{"href":"https:\/\/www.selltosomlia.com\/index.php?rest_route=\/wp\/v2\/pages\/10","targetHints":{"allow":["GET"]}}],"collection":[{"href":"https:\/\/www.selltosomlia.com\/index.php?rest_route=\/wp\/v2\/pages"}],"about":[{"href":"https:\/\/www.selltosomlia.com\/index.php?rest_route=\/wp\/v2\/types\/page"}],"author":[{"embeddable":true,"href":"https:\/\/www.selltosomlia.com\/index.php?rest_route=\/wp\/v2\/users\/1"}],"replies":[{"embeddable":true,"href":"https:\/\/www.selltosomlia.com\/index.php?rest_route=%2Fwp%2Fv2%2Fcomments&post=10"}],"version-history":[{"count":2,"href":"https:\/\/www.selltosomlia.com\/index.php?rest_route=\/wp\/v2\/pages\/10\/revisions"}],"predecessor-version":[{"id":220,"href":"https:\/\/www.selltosomlia.com\/index.php?rest_route=\/wp\/v2\/pages\/10\/revisions\/220"}],"wp:featuredmedia":[{"embeddable":true,"href":"https:\/\/www.selltosomlia.com\/index.php?rest_route=\/wp\/v2\/media\/207"}],"wp:attachment":[{"href":"https:\/\/www.selltosomlia.com\/index.php?rest_route=%2Fwp%2Fv2%2Fmedia&parent=10"}],"curies":[{"name":"wp","href":"https:\/\/api.w.org\/{rel}","templated":true}]}}